s y(-5)?
-286
Let y(f) = 2*f**2 - 1571*f + 266218. Calculate y(247).
199
Let n(c) = -781*c + 223354. Determine n(286).
-12
Let v(n) = -58*n**3 + 40*n**2 + 3*n. Calculate v(2).
-298
Let x(m) = 10389*m - 4082870. Determine x(393).
7
Let r(h) = h**2 + 284*h + 16205. Calculate r(-205).
10
Let y(p) = -161*p**3 - 6*p**2 + 513*p - 506. What is y(1)?
-160
Let u(z) = -10*z**3 + 254*z**2 - 140*z + 986. Give u(25).
-14
Let o(w) = w**3 - 236*w**2 + 13135*w + 110. Determine o(90).
-340
Let g(b) = -25*b**3 + 301*b**2 - 109*b + 1185. What is g(12)?
21
Let b(f) = -1419*f + 72265. Calculate b(51).
-104
Let n(h) = -h**3 - 1033*h**2 + 7225*h - 57197. What is n(-1040)?
3
Let z(v) = 11*v**2 + 29796*v - 209006. Determine z(7).
105
Let a(c) = -148*c + 12709. Determine a(86).
-19
Let k(q) = 101*q - 19571. Calculate k(194).
23
Let r(g) = -g**3 + 39*g**2 - 638*g + 8384. Calculate r(27).
-94
Let a(p) = -6743*p + 6439548. Give a(955).
-17
Let i(o) = 76*o**3 - 532*o**2 + 790*o - 5524. Determine i(7).
6
Let l(y) = -y**3 + 218*y**2 - 1098*y - 36898. What is l(212)?
-10
Let k(t) = t**3 - 91*t + 751. Give k(10).
841
Let r(k) = 516*k + 239941. Determine r(-465).
1
Let r(z) = z**3 + 4223*z**2 + 188012*z + 85. Determine r(-45).
-5
Let v(k) = 5*k**2 + 255*k - 2532. Determine v(9).
168
Let s(l) = 36*l**2 - 123*l + 219. What is s(2)?
117
Let u(l) = l**3 - 17*l**2 - 10*l + 29. Determine u(7).
-531
Let k(y) = 11*y**3 + 60*y**2 + 199*y - 9. Give k(-3).
-363
Let y(d) = d**3 + 12*d**2 - 161*d + 4. Give y(9).
256
Let u(r) = -5*r**2 - 4786*r - 1. Calculate u(0).
-1
Let v(z) = 4730*z - 16051. Give v(4).
2869
Let t(s) = 27967*s + 5929012. Determine t(-212).
8
Let l(x) = 42*x**2 + 4058*x - 40763. Give l(10).
4017
Let r(k) = -k**2 - 16*k + 1755. Determine r(-55).
-390
Let i(t) = t**3 - 12*t**2 - 126*t + 1041. Determine i(7).
-86
Let d(t) = -16*t**2 + 2730*t - 7198. What is d(168)?
-142
Let x(d) = -5*d**3 + 639*d**2 - 504*d - 179. What is x(127)?
329
Let b(s) = -344*s + 10027. Give b(32).
-981
Let o(p) = 216*p + 21070. What is o(-97)?
118
Let n(z) = 37*z + 3319. Give n(-67).
840
Let g(k) = -20*k**2 + 161*k + 618. Give g(22).
-5520
Let q(c) = -285*c**3 - 1307*c**2 - 1311*c - 3. What is q(-1)?
286
Let j(h) = -1385*h - 9972. Determine j(-7).
-277
Let h(x) = 4*x**2 + 156*x - 63507. Give h(-147).
-3
Let p(b) = 49*b**2 + 511*b + 3678. Calculate p(-6).
2376
Let z(l) = -1673*l + 1311646. Give z(784).
14
Let a(f) = -39*f - 6107. Calculate a(-179).
874
Let m(r) = -6*r**3 + 44*r**2 + 252*r - 1856. Determine m(7).
6
Let k(d) = 19*d**2 + 1955*d + 10869. Determine k(-97).
5
Let o(j) = j**2 + 4026*j - 20123. Calculate o(5).
32
Let d(m) = m**3 + 5*m**2 - 13*m - 72. Determine d(-7).
-79
Let n(x) = 15*x**2 + 210*x + 188. Give n(-13).
-7
Let k(d) = 2*d**3 - 63*d**2 - 1587*d + 49617. Give k(32).
-143
Let l(s) = 30*s**2 - 3578*s - 2672. What is l(120)?
-32
Let u(d) = -d**3 + 68*d**2 - 463*d - 102. Calculate u(8).
34
Let p(s) = 71*s - 5075. Give p(80).
605
Let n(t) = -46841*t - 983568. Calculate n(-21).
93
Let j(q) = 1586049*q + 11102348. What is j(-7)?
5
Let g(n) = 64034*n - 63910. Give g(1).
124
Let z(d) = -d**3 + 44*d**2 - 173*d - 2708. Determine z(39).
-1850
Let f(n) = -2*n**3 - 124*n**2 + 20*n - 1187. Give f(-62).
-2427
Let v(g) = -883*g - 126293. Give v(-143).
-24
Let q(m) = m**3 + 500*m**2 + 5398*m + 9723. Calculate q(-489).
432
Let i(n) = 7*n**2 + 3234*n - 9695. Calculate i(3).
70
Let k(m) = -m**3 + 20*m**2 + 6*m - 316. Calculate k(18).
440
Let x(y) = y**2 + 148*y - 53844. Determine x(-316).
-756
Let j(z) = 179*z - 48963. Give j(274).
83
Let i(r) = 2*r**2 + 58*r - 549. Give i(10).
231
Let o(y) = 6*y - 380. Give o(-35).
-590
Let s(o) = 648*o - 18982. Determine s(29).
-190
Let x(q) = 36*q - 1467. What is x(9)?
-1143
Let g(v) = -2*v**2 + 10998*v + 110178. What is g(-10)?
-2
Let s(k) = -214*k**2 + 3212*k - 34. Calculate s(15).
-4
Let p(x) = -2*x**3 - 16*x**2 + 163*x - 21. Calculate p(6).
-51
Let x(b) = 280643*b + 14874085. What is x(-53)?
6
Let a(o) = -7*o - 393. Determine a(-32).
-169
Let u(i) = 2903*i**2 + 2851*i - 43. Calculate u(-1).
9
Let x(o) = -o**3 - 15*o**2 - 47*o - 481. Calculate x(-14).
-19
Let h(r) = r**3 - 83*r**2 - 379*r + 38. What is h(88)?
5406
Let u(f) = 16068*f - 15957. What is u(1)?
111
Let t(a) = 12*a**2 + 5315*a - 451. Determine t(-443).
-8
Let l(t) = -t**3 - 4*t**2 - 59*t - 703. What is l(-7)?
-143
Let a(l) = -l**3 - 9*l**2 + 480*l + 3454. Calculate a(-7).
-4
Let f(b) = -221*b - 153377. Give f(-694).
-3
Let a(s) = 100*s**2 - 5438*s - 84. Give a(55).
3326
Let t(v) = 679*v**2 + 4856*v + 732. Calculate t(-7).
11
Let f(b) = 117*b**3 - 14*b**2 - 1125*b - 2212. Determine f(-2).
-954
Let n(r) = 584*r + 154186. What is n(-264)?
10
Let q(c) = 17*c**3 + c**2 + 136*c - 8. What is q(0)?
-8
Let d(o) = -12*o**3 - 945*o**2 + 933*o + 12. Give d(1).
-12
Let b(a) = -a**3 + 17*a**2 + 78*a - 1184. Give b(18).
-104
Let p(j) = 8*j**3 + 151*j**2 + 700*j - 112. Determine p(-10).
-12
Let u(b) = b**3 + 10*b**2 - 285*b - 3248. What is u(-13)?
-50
Let q(k) = 763*k + 122989. What is q(-161)?
146
Let k(m) = -14*m**2 - 42434*m - 127314. Determine k(-3).
-138
Let u(f) = 2*f**2 - 103*f + 2170. Determine u(20).
910
Let q(g) = -2*g**3 - 3*g**2 - 233426*g + 466859. Calculate q(2).
-21
Let k(u) = -18*u**3 - 213*u**2 + 319*u + 3486. Calculate k(-12).
90
Let n(x) = -232*x**2 + 1160*x - 11. Give n(5).
-11
Let c(q) = -2*q**3 + 135*q**2 + 647*q + 29. What is c(72)?
-43
Let j(v) = -v**3 - 20*v**2 - 38*v - 537. Give j(-19).
-176
Let z(h) = -2444*h - 3570. Give z(-1).
-1126
Let f(b) = 15*b**2 + 179*b + 78. What is f(-15)?
768
Let g(i) = 31797*i + 62572. Calculate g(-2).
-1022
Let t(s) = -50*s**2 - 417*s + 199. What is t(-12)?
-1997
Let r(v) = 2*v**3 + 171*v**2 + 310*v + 19126. Give r(-85).
1
Let z(m) = -m**2 + 3619*m + 21775. Give z(-6).
25
Let l(y) = 32128*y - 6329222. What is l(197)?
-6
Let k(b) = -9*b**2 - 263*b - 402. Calculate k(-30).
-612
Let f(y) = 42*y**3 + 296*y**2 + 11*y + 19. Calculate f(-7).
40
Let a(i) = 7*i**2 + 212*i + 61. Give a(-28).
-387
Let u(r) = -633*r**2 - 203830*r - 1120. Give u(-322).
168
Let t(l) = 13*l**2 - 3549*l + 106. Give t(273).
106
Let s(p) = p**3 - 45*p**2 - 432*p - 187. What is s(53)?
-611
Let p(z) = 16*z**2 + 266*z + 190. Give p(-24).
3022
Let b(p) = 22158*p - 398839. Give b(18).
5
Let v(x) = -49754*x - 746309. Calculate v(-15).
1
Let z(q) = -2*q**2 - 311*q - 5630. Determine z(-21).
19
Let l(n) = n**3 - 22*n**2 - 203*n + 4589. What is l(20)?
-271
Let m(b) = 104388*b + 104387. Calculate m(-1).
-1
Let k(r) = -34*r**2 + 691*r + 3304. Give k(-4).
-4
Let q(w) = 153*w + 2529. What is q(-18)?
-225
Let h(n) = 1987*n + 26146. Determine h(-13).
315
Let x(a) = a**2 - 1983*a + 9836. Determine x(5).
-54
Let x(o) = o**2 + 638*o + 22222. Determine x(-601).
-15
Let u(f) = 4182*f - 514387. Give u(123).
-1
Let v(c) = c**3 + 19*c**2 - 3984*c - 79323. What is v(-20)?
-43
Let f(s) = -1631*s - 13205. What is f(-9)?
1474
Let v(t) = -169388*t + 1524510. What is v(9)?
18
Let j(a) = -4*a**2 - 456*a - 12978. Calculate j(-59).
2
Let g(p) = -12*p**2 - 437*p + 934. What is g(2)?
12
Let x(h) = 7*h**2 + 228*h + 2298. What is x(-10)?
718
Let r(c) = 846*c**2 - 245*c - 237. What is r(-1)?
854
Let a(b) = 61186*b - 61187. Calculate a(1).
-1
Let r(u) = 4*u**3 - 55*u**2 + 19*u. Determine r(0).
0
Let y(l) = -l**3 + 488*l**2 + 25154*l - 4746. Calculate y(535).
69
Let o(y) = -78*y**3 - 11*y**2 + 19*y + 36. Give o(-3).
1986
Let y(a) = 6427*a + 25706. What is y(-4)?
-2
Let x(l) = -l**3 + 89*l**2 - 1463*l + 2359. Calculate x(68).
-21
Let u(a) = a**3 - 118*a**2 + 291*a + 42680. What is u(112)?
8
Let n(s) = -155*s**2 + 1969*s - 10. Determine n(12).
1298
Let h(o) = 330496*o - 8923421. Determine h(27).
-29
Let a(i) = -73966*i - 739653. What is a(-10)?
7
Let y(a) = a**3 - 28*a**2 + 143*a + 71. Calculate y(21).
-13
Let x(d) = 27*d**2 + 1596*d + 7918. What is x(-5)?
613
Let w(p) = p**3 + 44*p**2 - 2701*p + 5054. Determine w(-79).
-2
Let g(t) = 2*t**3 + 188*t**2 + 4386*t - 615. Give g(-44).
1
Let k(p) = 769*p + 34358. What is k(-47)?
-1785
Let x(u) = 23854*u**2 + u - 17. Calculate x(0).
-17
Let v(s) = -2*s**2 - 2381*s + 55771. Give v(23).
-50
Let u(s) = 38116*s - 3354126. What is u(88)?
82
Let r(i) = -1533*i - 18733. Calculate r(-12).
-337
Let a(